{"id":4368,"date":"2024-11-13T17:37:29","date_gmt":"2024-11-13T16:37:29","guid":{"rendered":"https:\/\/shop.noisytriathlon.com\/?post_type=product&#038;p=4368"},"modified":"2025-10-05T22:33:36","modified_gmt":"2025-10-05T20:33:36","slug":"casquette-club","status":"publish","type":"product","link":"https:\/\/shop.noisytriathlon.com\/?product=casquette-club","title":{"rendered":"Casquette Running Club"},"content":{"rendered":"<div id=\"product-4549\" class=\"product type-product post-4549 status-publish first onbackorder product_cat-sweats-a-capuche-enfant has-post-thumbnail taxable shipping-taxable purchasable product-type-variable\">\n<div class=\"woocommerce-tabs\">\n<div id=\"tab-description\" class=\"panel entry-content current\">\n<div class=\"row\">\n<div class=\"large-8 xlarge-6 large-centered xlarge-centered columns\">\n<h1 class=\"h2\">CASQUETTE de Running CLUB<\/h1>\n<p>Marque : HUUB<\/p>\n<p><span style=\"color: #e50477;\"><strong>Descriptif technique<\/strong><\/span><\/p>\n<p>Notre nouvelle casquette Race Cap est super l\u00e9g\u00e8re, construite avec des panneaux en mesh pour une meilleure ventilation. Cette casquette de course de style classique est enti\u00e8rement r\u00e9glable et disponible en noir, en rose et en blanc, possibilit\u00e9 d\u2019ajouter votre logo sur la face avant \u00e0 c\u00f4t\u00e9 du logo HUUB.<\/p>\n<ul>\n<li>Enti\u00e8rement r\u00e9glable.<\/li>\n<li>Ultra l\u00e9g\u00e8re.<\/li>\n<\/ul>\n<p><span style=\"color: #e50477;\"><strong>Composition<\/strong><\/span><\/p>\n<ul>\n<li>100% polyester<\/li>\n<\/ul>\n<p><span style=\"color: #e50477;\"><strong>Taille<\/strong><\/span><\/p>\n<ul>\n<li>unique<\/li>\n<\/ul>\n<\/div>\n<\/div>\n<\/div>\n<\/div>\n<\/div>\n","protected":false},"excerpt":{"rendered":"<h3><span style=\"color: #e50477;\"><strong>Casquette de running club<\/strong><\/span><\/h3>\n<p>D\u00e9velopp\u00e9e pour les sportifs recherchant une visi\u00e8re bien ajust\u00e9e et confortable, cet accessoire est indispensable \u00e0 vos activit\u00e9s en ext\u00e9rieur. Elle prot\u00e8gera efficacement votre visage et vos yeux du soleil, de la pluie, de la poussi\u00e8re. Son \u00e9lastique \u00e0 l&rsquo;arri\u00e8re de la t\u00eate offre un ajustement adapt\u00e9 \u00e0 toutes les morphologies sans besoin de r\u00e9glage. Sur le front, un bandeau int\u00e9rieur int\u00e9gr\u00e9 permet d&rsquo;absorber la transpiration et vous apportera tout le confort n\u00e9cessaire. Enti\u00e8rement personnalisable, vous l&rsquo;accorderez parfaitement \u00e0 vos tenues club.<\/p>\n","protected":false},"featured_media":4369,"comment_status":"open","ping_status":"closed","template":"","meta":{"_bbp_topic_count":0,"_bbp_reply_count":0,"_bbp_total_topic_count":0,"_bbp_total_reply_count":0,"_bbp_voice_count":0,"_bbp_anonymous_reply_count":0,"_bbp_topic_count_hidden":0,"_bbp_reply_count_hidden":0,"_bbp_forum_subforum_count":0},"product_brand":[],"product_cat":[28,27,29,31,18],"product_tag":[],"class_list":{"0":"post-4368","1":"product","2":"type-product","3":"status-publish","4":"has-post-thumbnail","6":"product_cat-femme","7":"product_cat-homme","8":"product_cat-enfant","9":"product_cat-athle_femme","10":"product_cat-athle_homme","12":"first","13":"instock","14":"shipping-taxable","15":"product-type-simple"},"jetpack_sharing_enabled":true,"_links":{"self":[{"href":"https:\/\/shop.noisytriathlon.com\/index.php?rest_route=\/wp\/v2\/product\/4368","targetHints":{"allow":["GET"]}}],"collection":[{"href":"https:\/\/shop.noisytriathlon.com\/index.php?rest_route=\/wp\/v2\/product"}],"about":[{"href":"https:\/\/shop.noisytriathlon.com\/index.php?rest_route=\/wp\/v2\/types\/product"}],"replies":[{"embeddable":true,"href":"https:\/\/shop.noisytriathlon.com\/index.php?rest_route=%2Fwp%2Fv2%2Fcomments&post=4368"}],"wp:featuredmedia":[{"embeddable":true,"href":"https:\/\/shop.noisytriathlon.com\/index.php?rest_route=\/wp\/v2\/media\/4369"}],"wp:attachment":[{"href":"https:\/\/shop.noisytriathlon.com\/index.php?rest_route=%2Fwp%2Fv2%2Fmedia&parent=4368"}],"wp:term":[{"taxonomy":"product_brand","embeddable":true,"href":"https:\/\/shop.noisytriathlon.com\/index.php?rest_route=%2Fwp%2Fv2%2Fproduct_brand&post=4368"},{"taxonomy":"product_cat","embeddable":true,"href":"https:\/\/shop.noisytriathlon.com\/index.php?rest_route=%2Fwp%2Fv2%2Fproduct_cat&post=4368"},{"taxonomy":"product_tag","embeddable":true,"href":"https:\/\/shop.noisytriathlon.com\/index.php?rest_route=%2Fwp%2Fv2%2Fproduct_tag&post=4368"}],"curies":[{"name":"wp","href":"https:\/\/api.w.org\/{rel}","templated":true}]}}