{"id":4370,"date":"2024-11-13T17:41:50","date_gmt":"2024-11-13T16:41:50","guid":{"rendered":"https:\/\/shop.noisytriathlon.com\/?post_type=product&#038;p=4370"},"modified":"2025-10-05T22:33:36","modified_gmt":"2025-10-05T20:33:36","slug":"tour-de-cou-club","status":"publish","type":"product","link":"https:\/\/shop.noisytriathlon.com\/?product=tour-de-cou-club","title":{"rendered":"Tour de cou club"},"content":{"rendered":"<h3>DESCRIPTIF DU TOUR DE COU MULTIFONCTIONS :<\/h3>\n<ul>\n<li>Tour de cou multifonction<\/li>\n<li>Tr\u00e8s respirant, \u00e0 s\u00e9chage rapide et polyvalent le tissu tr\u00e8s respirant vous permet de rester \u00e0 l&rsquo;aise<\/li>\n<li>R\u00e9sistant au vent, il aide \u00e0 emp\u00eacher le vent de p\u00e9n\u00e9trer, ce qui vous permet de rester au chaud avec moins de couches<\/li>\n<li>S\u00e9chage rapide gr\u00e2ce \u00e0 ses fibres absorbantes<\/li>\n<li>Taille unique<\/li>\n<li>Design au couleur du club du <strong><span style=\"color: #e50477;\">Noisy Triathlon<\/span><\/strong><\/li>\n<\/ul>\n<h3>COMPOSITION DU TOUR DE COU :<\/h3>\n<p>Maille a\u00e9r\u00e9e FullDry \u2013 85% Polyester 15% Elasthanne<\/p>\n","protected":false},"excerpt":{"rendered":"<h4><\/h4>\n<p>Le tour de cou tubulaire saura r\u00e9pondre \u00e0 tous vos besoins. <span style=\"color: #e50477;\"><strong>Multifonctionnel<\/strong><\/span> et <span style=\"color: #e50477;\"><strong>extensible<\/strong><\/span>, vous pourrez le porter en tour de cou, le transformer en bandeau, cagoule, bonnet, bandana, masque, cache-oreille, bracelet, chouchou \u2026 En maille a\u00e9r\u00e9e <strong><span style=\"color: #e50477;\">FullDry<\/span><\/strong>, il est<span style=\"color: #e50477;\"><strong> l\u00e9ger<\/strong>, <strong>respirant<\/strong><\/span> et sera id\u00e9al en <span style=\"color: #e50477;\"><strong>toutes saisons<\/strong><\/span>.<\/p>\n","protected":false},"featured_media":4371,"comment_status":"open","ping_status":"closed","template":"","meta":{"_bbp_topic_count":0,"_bbp_reply_count":0,"_bbp_total_topic_count":0,"_bbp_total_reply_count":0,"_bbp_voice_count":0,"_bbp_anonymous_reply_count":0,"_bbp_topic_count_hidden":0,"_bbp_reply_count_hidden":0,"_bbp_forum_subforum_count":0},"product_brand":[],"product_cat":[34,16,28,27,29],"product_tag":[],"class_list":{"0":"post-4370","1":"product","2":"type-product","3":"status-publish","4":"has-post-thumbnail","6":"product_cat-accessories_femme","7":"product_cat-accessories_homme","8":"product_cat-femme","9":"product_cat-homme","10":"product_cat-enfant","12":"first","13":"instock","14":"featured","15":"shipping-taxable","16":"product-type-simple"},"jetpack_sharing_enabled":true,"_links":{"self":[{"href":"https:\/\/shop.noisytriathlon.com\/index.php?rest_route=\/wp\/v2\/product\/4370","targetHints":{"allow":["GET"]}}],"collection":[{"href":"https:\/\/shop.noisytriathlon.com\/index.php?rest_route=\/wp\/v2\/product"}],"about":[{"href":"https:\/\/shop.noisytriathlon.com\/index.php?rest_route=\/wp\/v2\/types\/product"}],"replies":[{"embeddable":true,"href":"https:\/\/shop.noisytriathlon.com\/index.php?rest_route=%2Fwp%2Fv2%2Fcomments&post=4370"}],"wp:featuredmedia":[{"embeddable":true,"href":"https:\/\/shop.noisytriathlon.com\/index.php?rest_route=\/wp\/v2\/media\/4371"}],"wp:attachment":[{"href":"https:\/\/shop.noisytriathlon.com\/index.php?rest_route=%2Fwp%2Fv2%2Fmedia&parent=4370"}],"wp:term":[{"taxonomy":"product_brand","embeddable":true,"href":"https:\/\/shop.noisytriathlon.com\/index.php?rest_route=%2Fwp%2Fv2%2Fproduct_brand&post=4370"},{"taxonomy":"product_cat","embeddable":true,"href":"https:\/\/shop.noisytriathlon.com\/index.php?rest_route=%2Fwp%2Fv2%2Fproduct_cat&post=4370"},{"taxonomy":"product_tag","embeddable":true,"href":"https:\/\/shop.noisytriathlon.com\/index.php?rest_route=%2Fwp%2Fv2%2Fproduct_tag&post=4370"}],"curies":[{"name":"wp","href":"https:\/\/api.w.org\/{rel}","templated":true}]}}