{"id":4384,"date":"2024-11-13T17:56:12","date_gmt":"2024-11-13T16:56:12","guid":{"rendered":"https:\/\/shop.noisytriathlon.com\/?post_type=product&#038;p=4384"},"modified":"2025-09-23T23:06:55","modified_gmt":"2025-09-23T21:06:55","slug":"veste-femme-de-running-all-weather","status":"publish","type":"product","link":"https:\/\/shop.noisytriathlon.com\/?product=veste-femme-de-running-all-weather","title":{"rendered":"Veste Femme de Running All Weather"},"content":{"rendered":"<p><strong><span style=\"color: #e50477;\"><span style=\"caret-color: #e50477;\">Veste de running Huub All Weather<\/span>\u00a0Femme<\/span><\/strong><\/p>\n<p>Veste de running \u00a0au couleur du <span style=\"color: #e50477;\">Noisy-le-Grand triathlon<\/span>. Cette veste vous permet de repr\u00e9senter votre club dans toutes les conditions. Cette veste l\u00e9g\u00e8re, r\u00e9sistante au vent et aux \u00e9claboussures, est id\u00e9ale le jour de la course, que ce soit pour s&rsquo;\u00e9chauffer ou pour monter sur le podium.<\/p>\n<ul>\n<li>Tissus r\u00e9sistants au vent et aux \u00e9claboussures<\/li>\n<li>Capuche ventil\u00e9e<\/li>\n<li>Poches zipp\u00e9es<\/li>\n<li>Poignets ajust\u00e9s avec trous pour le pouce<\/li>\n<li>Capuche et taille r\u00e9glable<\/li>\n<\/ul>\n<p>Logo du Noisy-le-Grand Triathlon\u00a0sur le devant.<\/p>\n<p>Noisy-le-Grand Triathlon\u00a0dans le dos.<\/p>\n<p><span style=\"color: #e50477;\"><strong>Composition<\/strong><\/span><\/p>\n<ul>\n<li>Composition : 100% polyester<\/li>\n<\/ul>\n<table class=\"woocommerce-product-attributes shop_attributes\">\n<tbody>\n<tr class=\"woocommerce-product-attributes-item woocommerce-product-attributes-item--weight\">\n<th class=\"woocommerce-product-attributes-item__label\">Poids<\/th>\n<td class=\"woocommerce-product-attributes-item__value\">340gr\/m2<\/td>\n<\/tr>\n<tr class=\"woocommerce-product-attributes-item woocommerce-product-attributes-item--attribute_taille-enfant\">\n<th class=\"woocommerce-product-attributes-item__label\">Taille<\/th>\n<td class=\"woocommerce-product-attributes-item__value\">XS, S, M, L, XL, 2 XL<\/td>\n<\/tr>\n<\/tbody>\n<\/table>\n","protected":false},"excerpt":{"rendered":"<p>Veste de Running \u00e0 Zip de Running All Weather <span style=\"color: #e50477;\">Noisy-le-Grand triathlon<\/span>. Coupe Regular Fit, elle est waterproof et windproof.<\/p>\n<div class=\"page\" title=\"Page 5\">\n<div class=\"layoutArea\">\n<div class=\"column\">\n<div class=\"page\" title=\"Page 4\">\n<div class=\"layoutArea\">\n<div class=\"column\">\n<ul>\n<li>Capuche avec cordons de serrage re\u0301glable<\/li>\n<li>Manches a\u0300 la forme parfaitement adapte\u0301e a\u0300 la forme des bras et des coudes<\/li>\n<li>Fermeture a\u0300 glissie\u0300re inte\u0301grale avec prote\u0300ge-menton<\/li>\n<li>Patte inte\u0301rieure inte\u0301grale en tissu d\u2019exte\u0301rieur<\/li>\n<li>2 poches zippe\u0301es late\u0301rales devant<\/li>\n<li>1 poche poitrine uniquement sur le mode\u0300le homme<\/li>\n<li>Manches monte\u0301es<\/li>\n<li>Poignets avec patte de fermeture en Velcro &amp; curseur plastique en relief<\/li>\n<li>Coutures plates pour un plus grand confort<\/li>\n<li>E\u0301tanche jusqu&rsquo;a\u0300 5 000 mm<\/li>\n<\/ul>\n<\/div>\n<\/div>\n<\/div>\n<\/div>\n<\/div>\n<\/div>\n","protected":false},"featured_media":4386,"comment_status":"open","ping_status":"closed","template":"","meta":{"_bbp_topic_count":0,"_bbp_reply_count":0,"_bbp_total_topic_count":0,"_bbp_total_reply_count":0,"_bbp_voice_count":0,"_bbp_anonymous_reply_count":0,"_bbp_topic_count_hidden":0,"_bbp_reply_count_hidden":0,"_bbp_forum_subforum_count":0},"product_brand":[],"product_cat":[28,31],"product_tag":[],"class_list":{"0":"post-4384","1":"product","2":"type-product","3":"status-publish","4":"has-post-thumbnail","6":"product_cat-femme","7":"product_cat-athle_femme","9":"first","10":"instock","11":"shipping-taxable","12":"product-type-variable"},"jetpack_sharing_enabled":true,"_links":{"self":[{"href":"https:\/\/shop.noisytriathlon.com\/index.php?rest_route=\/wp\/v2\/product\/4384","targetHints":{"allow":["GET"]}}],"collection":[{"href":"https:\/\/shop.noisytriathlon.com\/index.php?rest_route=\/wp\/v2\/product"}],"about":[{"href":"https:\/\/shop.noisytriathlon.com\/index.php?rest_route=\/wp\/v2\/types\/product"}],"replies":[{"embeddable":true,"href":"https:\/\/shop.noisytriathlon.com\/index.php?rest_route=%2Fwp%2Fv2%2Fcomments&post=4384"}],"wp:featuredmedia":[{"embeddable":true,"href":"https:\/\/shop.noisytriathlon.com\/index.php?rest_route=\/wp\/v2\/media\/4386"}],"wp:attachment":[{"href":"https:\/\/shop.noisytriathlon.com\/index.php?rest_route=%2Fwp%2Fv2%2Fmedia&parent=4384"}],"wp:term":[{"taxonomy":"product_brand","embeddable":true,"href":"https:\/\/shop.noisytriathlon.com\/index.php?rest_route=%2Fwp%2Fv2%2Fproduct_brand&post=4384"},{"taxonomy":"product_cat","embeddable":true,"href":"https:\/\/shop.noisytriathlon.com\/index.php?rest_route=%2Fwp%2Fv2%2Fproduct_cat&post=4384"},{"taxonomy":"product_tag","embeddable":true,"href":"https:\/\/shop.noisytriathlon.com\/index.php?rest_route=%2Fwp%2Fv2%2Fproduct_tag&post=4384"}],"curies":[{"name":"wp","href":"https:\/\/api.w.org\/{rel}","templated":true}]}}